rt -6706 (base 11) to base 10.
-8839
Convert -331 (base 7) to base 2.
-10101001
What is -4050 (base 6) in base 8?
-1576
5423 (base 6) to base 10
1239
What is 579b (base 13) in base 9?
17772
5c09 (base 14) to base 9
24047
410041 (base 5) to base 11
9971
What is 4136 (base 9) in base 12?
1906
Convert 74a3 (base 12) to base 11.
9682
-3030a (base 11) to base 14
-12200
What is -5b24 (base 13) in base 3?
-122122211
What is 1134 (base 5) in base 13?
100
-4626 (base 10) to base 7
-16326
Convert -1174 (base 9) to base 8.
-1555
What is -10001101000110111 (base 2) in base 3?
-10200002211
Convert 1516 (base 11) to base 8.
3641
What is -111110111000 (base 2) in base 3?
-12112001
Convert 72665 (base 8) to base 7.
153565
What is -3402 (base 5) in base 9?
-580
Convert 6063 (base 7) to base 14.
aa3
-b97 (base 12) to base 13
-a09
What is -30020 (base 5) in base 4?
-131131
Convert -572 (base 15) to base 8.
-2320
Convert 1000010111111 (base 2) to base 6.
31503
What is 210030 (base 4) in base 7?
6516
What is -29e (base 15) in base 2?
-1001010111
-8ad9 (base 14) to base 16
-5e27
Convert 2247 (base 9) to base 6.
11411
What is 10102 (base 3) in base 12?
78
What is -9b6 (base 13) in base 4?
-122012
Convert -20347 (base 8) to base 6.
-102555
3223 (base 11) to base 12
2570
Convert 6591 (base 10) to base 2.
1100110111111
What is -2233 (base 4) in base 11?
-14a
-169e2 (base 15) to base 2
-10001110110011000
What is 885 (base 12) in base 7?
3440
-2471 (base 9) to base 3
-2112101
Convert 6bb7 (base 12) to base 2.
10111100111011
5217 (base 8) to base 11
2038
-30050 (base 7) to base 10
-7238
What is -28a (base 11) in base 15?
-17a
What is 36304 (base 8) in base 7?
63232
-48460 (base 11) to base 12
-34456
Convert -120140 (base 5) to base 14.
-187a
151 (base 12) to base 7
412
220012 (base 4) to base 12
159a
-3145 (base 8) to base 4
-121211
-4213 (base 5) to base 8
-1056
-1425 (base 8) to base 10
-789
Convert -235214 (base 6) to base 3.
-1001021001
What is -3a6 (base 16) in base 7?
-2503
-197 (base 13) to base 7
-566
Convert 3365 (base 10) to base 3.
11121122
224132 (base 5) to base 14
2d06
-786 (base 12) to base 3
-1112010
What is 11002 (base 7) in base 15?
c31
Convert 32a (base 15) to base 7.
2041
What is -3043 (base 5) in base 7?
-1106
-22512 (base 9) to base 13
-6a97
-849 (base 10) to base 6
-3533
Convert 1084a (base 13) to base 12.
1541b
Convert a76 (base 12) to base 4.
113322
Convert 428a (base 14) to base 3.
120202120
What is -46331 (base 8) in base 16?
-4cd9
What is 182 (base 12) in base 14?
134
-2221221122 (base 3) to base 14
-17351
Convert -575 (base 13) to base 12.
-665
Convert 1885 (base 10) to base 9.
2524
What is 62b (base 15) in base 2?
10101101111
What is 14cd (base 14) in base 6?
25101
Convert 5050 (base 15) to base 6.
210250
-16256 (base 7) to base 2
-1000111110110
-1488 (base 14) to base 6
-24520
Convert -3572 (base 8) to base 15.
-879
1232 (base 6) to base 16
134
What is -9e (base 15) in base 9?
-175
Convert -3600 (base 7) to base 11.
-aa3
What is -3455 (base 7) in base 5?
-20030
Convert -623 (base 15) to base 9.
-1806
-21230 (base 7) to base 16
-1490
-211 (base 16) to base 9
-647
Convert -252402 (base 7) to base 12.
-22ab3
What is -101111110110001 (base 2) in base 15?
-73d2
What is -4db (base 15) in base 6?
-5042
232003 (base 5) to base 4
2002322
Convert -1208 (base 10) to base 2.
-10010111000
What is 11001011101011 (base 2) in base 10?
13035
What is -408 (base 11) in base 4?
-13230
Convert -47430 (base 10) to base 3.
-2102001200
What is 9c (base 13) in base 6?
333
125c (base 14) to base 13
1607
What is 331 (base 6) in base 2?
1111111
Convert 21e (base 15) to base 14.
263
What is -33a2 (base 16) in base 15?
-3db3
What is -2912 (base 12) in base 5?
-123031
What is 1c7 (base 13) in base 11?
282
What is -565 (base 7) in base 11?
-246
What is 101322 (base 5) in base 16?
d09
-2423 (base 5) to base 9
-443
What is 130413 (base 5) in base 13?
242c
What is -100100011100 (base 2) in base 9?
-3171
-21141 (base 8) to base 14
-32c9
-2259 (base 10) to base 7
-6405
Convert -6233 (base 8) to base 9.
-4375
What is 732 (base 10) in base 8?
1334
-2534 (base 6) to base 5
-10014
Convert -771 (base 8) to base 12.
-361
What is -206442 (base 7) in base 16?
-8c3a
Convert 117211 (base 8) to base 5.
2244320
Convert 1714 (base 10) to base 14.
8a6
What is -1535 (base 8) in base 15?
-3c6
What is -253 (base 15) in base 10?
-528
What is -754 (base 12) in base 5?
-13242
What is 52152 (base 8) in base 10?
21610
1001010000110 (base 2) to base 3
20111122
Convert 11121 (base 4) to base 9.
423
What is -35550 (base 10) in base 8?
-105336
Convert d9d (base 15) to base 13.
1525
Convert -43540 (base 7) to base 3.
-112221221
389b (base 15) to base 12
6b9b
What is 6ba1 (base 13) in base 14?
575a
251532 (base 6) to base 13
a2aa
What is 1013 (base 7) in base 8?
541
What is 2349 (base 10) in base 8?
4455
What is 21144 (base 5) in base 3?
1221202
What is 11832 (base 9) in base 6?
100515
What is 11101101001 (base 2) in base 5?
30042
Convert -599 (base 10) to base 11.
-4a5
1939 (base 13) to base 2
111010110110
Convert -1b8c (base 16) to base 10.
-7052
Convert -142 (base 12) to base 6.
-522
Convert 3 (base 11) to base 4.
3
What is 1000001000110 (base 2) in base 12?
24b2
What is -1274 (base 8) in base 15?
-31a
-33212 (base 4) to base 7
-2624
Convert 44345 (base 6) to base 4.
1200221
What is -111112 (base 3) in base 8?
-555
3a8 (base 16) to base 15
426
What is -13742 (base 10) in base 8?
-32656
5539 (base 10) to base 2
1010110100011
What is 25b (base 15) in base 7?
1364
Convert -31310300 (base 4) to base 14.
-168c8
Convert -cb81 (base 14) to base 6.
-430541
1001101 (base 2) to base 4
1031
4b1 (base 12) to base 4
23011
Convert -6534 (base 8) to base 7.
-12654
Convert -15205 (base 6) to base 7.
-10103
-12101012 (base 3) to base 6
-30052
494a (base 11) to base 8
14503
Convert 19a (base 13) to base 6.
1212
-2013 (base 6) to base 15
-1e6
What is -240144 (base 6) in base 12?
-10054
Convert -33 (base 10) to base 14.
-25
Convert 17969 (base 11) to base 6.
312150
Convert -263 (base 9) to base 13.
-13b
What is -215ab (base 13) in base 7?
-340550
Convert -1402301 (base 5) to base 2.
-110111100100011
Convert 18a (base 12) to base 11.
208
Convert -9a81 (base 16) to base 13.
-15007
-10514 (base 7) to base 11
-1aa6
Convert -6142 (base 7) to base 13.
-c85
What is 221000 (base 3) in base 9?
830
What is -503 (base 8) in base 2?
-101000011
Convert 45135 (base 6) to base 2.
1100010110011
Convert -376 (base 10) to base 12.
-274
-538 (base 14) to base 5
-13110
Convert -69a (base 16) to base 10.
-1690
Convert 1029 (base 10) to base 11.
856
What is -a5 (base 13) in base 10?
-135
920 (base 15) to base 3
2211010
7449 (base 11) to base 13
4640
What is 10000111010 (base 2) in base 16?
43a
Convert -651 (base 7) to base 2.
-101001010
Convert 141015 (base 6) to base 14.
4b3d
Convert -1111012 (base 3) to base 9.
-1435
Convert 4000 (base 13) to base 15.
290d
What is 231244 (base 5) in base 6?
102312
10251 (base 11) to base 2
11101001011011
120333 (base 5) to base 8
10564
Convert 1322531 (base 6) to base 7.
423301
What is -11628 (base 10) in base 2?
-10110101101100
-154456 (base 7) to base 13
-10b01
144a (base 11) to base 2
11101001101
Convert -33232 (base 4) to base 5.
-13011
What is 1031 (base 7) in base 3?
111112
121 (base 14) to base 5
1400
What is -22001000 (base 4) in base 9?
-62242
What is 20413 (base 7) in base 16?
1390
-4106 (base 10) to base 9
-5562
Convert -20000 (base 4) to base 9.
-628
-20131 (base 4) to base 9
-661
Convert -1013 (base 6) to base 10.
-225
What is -32495 (base 10) in base 5?
-2014440
Convert 35b (base 16) to base 9.
1154
Convert -7143 (base 9) to base 5.
-131343
-2220 (base 3) to base 2
-1001110
-21434 (base 8) to base 15
-29e3
-a65 (base 13) to base 8
-3355
What is -13303 (base 4) in base 10?
-499
-2182 (base 9) to base 6
-11245
Convert -12005 (base 9) to base 15.
-259e
Convert 136534 (base 7) to base 2.
110011011100010
-1119 (base 10) to base 12
-793
1901 (base 11) to base 3
10022200
What is a726 (base 11) in base 6?
145401
3172 (base 12) to base 7
21533
Convert -222 (base 13) to base 7.
-1032
2560 (base 7) to base 12
691
-1002110 (base 3) to base 10
-795
Convert -6447 (base 10) to base 11.
-4931
What is -1a5